{"id":2586,"date":"2023-10-26T01:33:34","date_gmt":"2023-10-26T04:33:34","guid":{"rendered":"http:\/\/50.116.33.96\/?page_id=2586"},"modified":"2024-10-28T16:31:11","modified_gmt":"2024-10-28T19:31:11","slug":"sobre-o-ideg","status":"publish","type":"page","link":"http:\/\/50.116.33.96\/?page_id=2586","title":{"rendered":"O IDEG"},"content":{"rendered":"\t\t<div data-elementor-type=\"wp-page\" data-elementor-id=\"2586\" class=\"elementor elementor-2586\" data-elementor-post-type=\"page\">\n\t\t\t\t\t\t<section class=\"elementor-section elementor-top-section elementor-element elementor-element-69c22f0e elementor-section-content-middle elementor-section-boxed elementor-section-height-default elementor-section-height-default\" data-id=\"69c22f0e\" data-element_type=\"section\" data-settings=\"{&quot;background_background&quot;:&quot;classic&quot;}\">\n\t\t\t\t\t\t<div class=\"elementor-container elementor-column-gap-no\">\n\t\t\t\t\t<div class=\"elementor-column elementor-col-100 elementor-top-column elementor-element elementor-element-7afa301d\" data-id=\"7afa301d\" data-element_type=\"column\">\n\t\t\t<div class=\"elementor-widget-wrap elementor-element-populated\">\n\t\t\t\t\t\t<div class=\"elementor-element elementor-element-57a43730 elementor-widget elementor-widget-heading\" data-id=\"57a43730\" data-element_type=\"widget\" data-widget_type=\"heading.default\">\n\t\t\t\t<div class=\"elementor-widget-container\">\n\t\t\t\t\t<h4 class=\"elementor-heading-title elementor-size-default\">Nossa Hist\u00f3ria<\/h4>\t\t\t\t<\/div>\n\t\t\t\t<\/div>\n\t\t\t\t<div class=\"elementor-element elementor-element-dde7b53 elementor-blockquote--skin-quotation elementor-blockquote--align-right elementor-blockquote--button-color-official elementor-widget elementor-widget-blockquote\" data-id=\"dde7b53\" data-element_type=\"widget\" data-widget_type=\"blockquote.default\">\n\t\t\t\t<div class=\"elementor-widget-container\">\n\t\t\t\t\t\t\t<blockquote class=\"elementor-blockquote\">\n\t\t\t<p class=\"elementor-blockquote__content\">\n\t\t\t\tNos \u00faltimos 15 anos, a constru\u00e7\u00e3o do m\u00e9todo de ensino IDEG sempre esteve diretamente relacionada \u00e0 hist\u00f3ria do CACD. A experi\u00eancia pedag\u00f3gica que proporcionamos aos(\u00e0s) alunos(as) \u00e9 vi\u00e1vel porque focalizamos esfor\u00e7os na evolu\u00e7\u00e3o da m\u00e9trica utilizada pela banca examinadora nas provas do concurso. A partir dela, ajustamos continuamente nossa metodologia de modo a ampliar a performance. N\u00e3o economizamos esfor\u00e7os para capacitar alunos (as), estamos focados em qualidade e resultados.    \t\t\t<\/p>\n\t\t\t\t\t\t\t<div class=\"e-q-footer\">\n\t\t\t\t\t\t\t\t\t\t\t<cite class=\"elementor-blockquote__author\"><p style=\"align:right\"><font size=\"3pt\"><strong>Prof. Marcello Bolzan<\/strong><\/font><br><font size=\"2pt\"><strong>(Fundador e coordenador pedag\u00f3gico)<\/strong><\/font><\/p><\/cite>\n\t\t\t\t\t\t\t\t\t\t\t\t\t\t<\/div>\n\t\t\t\t\t<\/blockquote>\n\t\t\t\t\t\t<\/div>\n\t\t\t\t<\/div>\n\t\t\t\t\t<\/div>\n\t\t<\/div>\n\t\t\t\t\t<\/div>\n\t\t<\/section>\n\t\t\t\t<section class=\"elementor-section elementor-top-section elementor-element elementor-element-4124df09 elementor-section-content-middle elementor-section-boxed elementor-section-height-default elementor-section-height-default\" data-id=\"4124df09\" data-element_type=\"section\">\n\t\t\t\t\t\t<div class=\"elementor-container elementor-column-gap-no\">\n\t\t\t\t\t<div class=\"elementor-column elementor-col-100 elementor-top-column elementor-element elementor-element-3325f885\" data-id=\"3325f885\" data-element_type=\"column\">\n\t\t\t<div class=\"elementor-widget-wrap elementor-element-populated\">\n\t\t\t\t\t\t<div class=\"elementor-element elementor-element-1d7e826 elementor-widget elementor-widget-text-editor\" data-id=\"1d7e826\" data-element_type=\"widget\" data-widget_type=\"text-editor.default\">\n\t\t\t\t<div class=\"elementor-widget-container\">\n\t\t\t\t\t\t\t\t\t<p class=\"fr-tag\">O IDEG nasceu em junho de 2009, a partir da identifica\u00e7\u00e3o de certas restri\u00e7\u00f5es que o mercado da prepara\u00e7\u00e3o ao CACD apresentava. Os pre\u00e7os da prepara\u00e7\u00e3o, naquele tempo, eram exorbitantes e as cargas hor\u00e1rias das mat\u00e9rias muito pequenas. Os alunos se esfor\u00e7avam para tentar lidar com t\u00e3o pouco conhecimento e os professores se contorciam para ensinar um edital inteiro em t\u00e3o pouco tempo \u2013 o que nem sempre era poss\u00edvel. Al\u00e9m disso, mesmo pagando t\u00e3o caro, raramente o aluno era ouvido em suas necessidades e o atendimento e as aulas seguiam sempre a mesma estrutura. Os cursos eram, pois, padronizados e n\u00e3o customizados.<\/p><p class=\"fr-tag\">Analisando esse cen\u00e1rio, o professor Marcello Bolzan &#8211; um dos mais respeitados professores de economia no mundo dos concursos p\u00fablicos e com experi\u00eancia de aulas em mais de 22 estados no Brasil &#8211; decidiu criar uma escola de prepara\u00e7\u00e3o \u00e0 carreira de diplomata inovadora e distinta daquilo que se fazia at\u00e9 ent\u00e3o.<\/p><p class=\"fr-tag\">Foi quando o IDEG nasceu. Tudo come\u00e7ou com o aluguel de uma pequena sala no centro do Rio de Janeiro. Ali, o professor Bolzan iniciou a aplica\u00e7\u00e3o de uma proposta de capacita\u00e7\u00e3o customizada \u00e0s demandas do aluno com um atendimento direto e humano. Foi utilizado o triplo da carga hor\u00e1ria e o pre\u00e7o da prepara\u00e7\u00e3o foi rebaixado a um ter\u00e7o da pr\u00e1tica do mercado naquele momento.\u00a0<\/p><p class=\"fr-tag\">Em pouqu\u00edssimo tempo, a proposta se tornou refer\u00eancia de qualidade, inclus\u00e3o e fizeram com que a proposta pedag\u00f3gica IDEG conquistasse a confian\u00e7a de cada vez mais alunos.<\/p><p class=\"fr-tag\">Ficou muito claro o motivo do sucesso: a <strong>proposta pedag\u00f3gica<\/strong> da escola foi constru\u00edda a partir dos <strong>fundamentos da prova<\/strong> e da <strong>m\u00e9trica<\/strong> utilizada pelas bancas que elaboram o CACD. Esta proposta pedag\u00f3gica embasou a organiza\u00e7\u00e3o da <strong>metodologia<\/strong> de ensino aplicada nos cursos, o desenvolvimento do <strong>corpo docente<\/strong> e a capacita\u00e7\u00e3o do time de <strong>gest\u00e3o<\/strong>.\u00a0 \u00a0<\/p><p class=\"fr-tag\">Com o aumento da procura pelos cursos do IDEG, a equipe docente foi se formando de duas maneiras distintas. A primeira, recebendo professores(as) entusiasmados(as) com a proposta de qualidade, sobretudo, docentes acostumados a dar aulas particulares em suas resid\u00eancias, com grande experi\u00eancia e dedica\u00e7\u00e3o.<\/p><p class=\"fr-tag\">A segunda, pela forma\u00e7\u00e3o de professores pr\u00f3prios, em um trabalho recompensador de identificar alunos(as) avan\u00e7ados(as) aqueles(as) que poderiam se transformar em grandes docentes. E acertamos. Mesmo ap\u00f3s mais de uma d\u00e9cada, alguns desses professores est\u00e3o conosco e s\u00e3o refer\u00eancias de mercado na prepara\u00e7\u00e3o ao CACD. Atualmente, pelo reconhecimento amplo da proposta do IDEG, o corpo docente tem ganhado nomes de peso, professores referenciais no mercado e a equipe se fortalece constantemente.<\/p><p class=\"fr-tag\">Para completar essa hist\u00f3ria de sucesso, tivemos a grande satisfa\u00e7\u00e3o de nos cercarmos de um corpo administrativo de alt\u00edssima qualidade. Da secretaria aos processos operacionais, todos os colaboradores t\u00eam como maior objetivo atender de forma humanizada \u00e0s demandas dos alunos. Paramos tudo o que estamos fazendo para solucionar problemas e dar conforto aos nossos estudantes.<\/p><p class=\"fr-tag\">Essa motiva\u00e7\u00e3o conjunta \u00e9 que nos fez transformar uma ideia em trabalho, o trabalho em satisfa\u00e7\u00e3o, a satisfa\u00e7\u00e3o em capacita\u00e7\u00e3o, a capacita\u00e7\u00e3o em aprova\u00e7\u00e3o e ir al\u00e9m.<\/p>\t\t\t\t\t\t\t\t<\/div>\n\t\t\t\t<\/div>\n\t\t\t\t\t<\/div>\n\t\t<\/div>\n\t\t\t\t\t<\/div>\n\t\t<\/section>\n\t\t\t\t<\/div>\n\t\t","protected":false},"excerpt":{"rendered":"<p>Nossa Hist\u00f3ria Nos \u00faltimos 15 anos, a constru\u00e7\u00e3o do m\u00e9todo de ensino IDEG sempre esteve diretamente relacionada \u00e0 hist\u00f3ria do CACD. A experi\u00eancia pedag\u00f3gica que proporcionamos aos(\u00e0s) alunos(as) \u00e9 vi\u00e1vel porque focalizamos esfor\u00e7os na evolu\u00e7\u00e3o da m\u00e9trica utilizada pela banca examinadora nas provas do concurso. A partir dela, ajustamos continuamente nossa metodologia de modo a [&hellip;]<\/p>\n","protected":false},"author":5,"featured_media":0,"parent":0,"menu_order":0,"comment_status":"closed","ping_status":"closed","template":"elementor_header_footer","meta":{"footnotes":""},"class_list":["post-2586","page","type-page","status-publish","hentry"],"aioseo_notices":[],"jetpack_sharing_enabled":true,"_links":{"self":[{"href":"http:\/\/50.116.33.96\/index.php?rest_route=\/wp\/v2\/pages\/2586","targetHints":{"allow":["GET"]}}],"collection":[{"href":"http:\/\/50.116.33.96\/index.php?rest_route=\/wp\/v2\/pages"}],"about":[{"href":"http:\/\/50.116.33.96\/index.php?rest_route=\/wp\/v2\/types\/page"}],"author":[{"embeddable":true,"href":"http:\/\/50.116.33.96\/index.php?rest_route=\/wp\/v2\/users\/5"}],"replies":[{"embeddable":true,"href":"http:\/\/50.116.33.96\/index.php?rest_route=%2Fwp%2Fv2%2Fcomments&post=2586"}],"version-history":[{"count":39,"href":"http:\/\/50.116.33.96\/index.php?rest_route=\/wp\/v2\/pages\/2586\/revisions"}],"predecessor-version":[{"id":4862,"href":"http:\/\/50.116.33.96\/index.php?rest_route=\/wp\/v2\/pages\/2586\/revisions\/4862"}],"wp:attachment":[{"href":"http:\/\/50.116.33.96\/index.php?rest_route=%2Fwp%2Fv2%2Fmedia&parent=2586"}],"curies":[{"name":"wp","href":"https:\/\/api.w.org\/{rel}","templated":true}]}}

<div data-elementor-type="wp-page" data-elementor-id="2586" class="elementor elementor-2586" data-elementor-post-type="page">
						<section class="elementor-section elementor-top-section elementor-element elementor-element-69c22f0e elementor-section-content-middle elementor-section-boxed elementor-section-height-default elementor-section-height-default" data-id="69c22f0e" data-element_type="section" data-settings="{&quot;background_background&quot;:&quot;classic&quot;}">
						<div class="elementor-container elementor-column-gap-no">
					<div class="elementor-column elementor-col-100 elementor-top-column elementor-element elementor-element-7afa301d" data-id="7afa301d" data-element_type="column">
			<div class="elementor-widget-wrap elementor-element-populated">
						<div class="elementor-element elementor-element-57a43730 elementor-widget elementor-widget-heading" data-id="57a43730" data-element_type="widget" data-widget_type="heading.default">
				<div class="elementor-widget-container">
					<h4 class="elementor-heading-title elementor-size-default">Nossa História</h4>				</div>
				</div>
				<div class="elementor-element elementor-element-dde7b53 elementor-blockquote--skin-quotation elementor-blockquote--align-right elementor-blockquote--button-color-official elementor-widget elementor-widget-blockquote" data-id="dde7b53" data-element_type="widget" data-widget_type="blockquote.default">
				<div class="elementor-widget-container">
							<blockquote class="elementor-blockquote">
			<p class="elementor-blockquote__content">
				Nos últimos 15 anos, a construção do método de ensino IDEG sempre esteve diretamente relacionada à história do CACD. A experiência pedagógica que proporcionamos aos(às) alunos(as) é viável porque focalizamos esforços na evolução da métrica utilizada pela banca examinadora nas provas do concurso. A partir dela, ajustamos continuamente nossa metodologia de modo a ampliar a performance. Não economizamos esforços para capacitar alunos (as), estamos focados em qualidade e resultados.    			</p>
							<div class="e-q-footer">
											<cite class="elementor-blockquote__author"><p style="align:right"><font size="3pt"><strong>Prof. Marcello Bolzan</strong></font><br><font size="2pt"><strong>(Fundador e coordenador pedagógico)</strong></font></p></cite>
														</div>
					</blockquote>
						</div>
				</div>
					</div>
		</div>
					</div>
		</section>
				<section class="elementor-section elementor-top-section elementor-element elementor-element-4124df09 elementor-section-content-middle elementor-section-boxed elementor-section-height-default elementor-section-height-default" data-id="4124df09" data-element_type="section">
						<div class="elementor-container elementor-column-gap-no">
					<div class="elementor-column elementor-col-100 elementor-top-column elementor-element elementor-element-3325f885" data-id="3325f885" data-element_type="column">
			<div class="elementor-widget-wrap elementor-element-populated">
						<div class="elementor-element elementor-element-1d7e826 elementor-widget elementor-widget-text-editor" data-id="1d7e826" data-element_type="widget" data-widget_type="text-editor.default">
				<div class="elementor-widget-container">
									<p class="fr-tag">O IDEG nasceu em junho de 2009, a partir da identificação de certas restrições que o mercado da preparação ao CACD apresentava. Os preços da preparação, naquele tempo, eram exorbitantes e as cargas horárias das matérias muito pequenas. Os alunos se esforçavam para tentar lidar com tão pouco conhecimento e os professores se contorciam para ensinar um edital inteiro em tão pouco tempo – o que nem sempre era possível. Além disso, mesmo pagando tão caro, raramente o aluno era ouvido em suas necessidades e o atendimento e as aulas seguiam sempre a mesma estrutura. Os cursos eram, pois, padronizados e não customizados.</p><p class="fr-tag">Analisando esse cenário, o professor Marcello Bolzan &#8211; um dos mais respeitados professores de economia no mundo dos concursos públicos e com experiência de aulas em mais de 22 estados no Brasil &#8211; decidiu criar uma escola de preparação à carreira de diplomata inovadora e distinta daquilo que se fazia até então.</p><p class="fr-tag">Foi quando o IDEG nasceu. Tudo começou com o aluguel de uma pequena sala no centro do Rio de Janeiro. Ali, o professor Bolzan iniciou a aplicação de uma proposta de capacitação customizada às demandas do aluno com um atendimento direto e humano. Foi utilizado o triplo da carga horária e o preço da preparação foi rebaixado a um terço da prática do mercado naquele momento. </p><p class="fr-tag">Em pouquíssimo tempo, a proposta se tornou referência de qualidade, inclusão e fizeram com que a proposta pedagógica IDEG conquistasse a confiança de cada vez mais alunos.</p><p class="fr-tag">Ficou muito claro o motivo do sucesso: a <strong>proposta pedagógica</strong> da escola foi construída a partir dos <strong>fundamentos da prova</strong> e da <strong>métrica</strong> utilizada pelas bancas que elaboram o CACD. Esta proposta pedagógica embasou a organização da <strong>metodologia</strong> de ensino aplicada nos cursos, o desenvolvimento do <strong>corpo docente</strong> e a capacitação do time de <strong>gestão</strong>.   </p><p class="fr-tag">Com o aumento da procura pelos cursos do IDEG, a equipe docente foi se formando de duas maneiras distintas. A primeira, recebendo professores(as) entusiasmados(as) com a proposta de qualidade, sobretudo, docentes acostumados a dar aulas particulares em suas residências, com grande experiência e dedicação.</p><p class="fr-tag">A segunda, pela formação de professores próprios, em um trabalho recompensador de identificar alunos(as) avançados(as) aqueles(as) que poderiam se transformar em grandes docentes. E acertamos. Mesmo após mais de uma década, alguns desses professores estão conosco e são referências de mercado na preparação ao CACD. Atualmente, pelo reconhecimento amplo da proposta do IDEG, o corpo docente tem ganhado nomes de peso, professores referenciais no mercado e a equipe se fortalece constantemente.</p><p class="fr-tag">Para completar essa história de sucesso, tivemos a grande satisfação de nos cercarmos de um corpo administrativo de altíssima qualidade. Da secretaria aos processos operacionais, todos os colaboradores têm como maior objetivo atender de forma humanizada às demandas dos alunos. Paramos tudo o que estamos fazendo para solucionar problemas e dar conforto aos nossos estudantes.</p><p class="fr-tag">Essa motivação conjunta é que nos fez transformar uma ideia em trabalho, o trabalho em satisfação, a satisfação em capacitação, a capacitação em aprovação e ir além.</p>								</div>
				</div>
					</div>
		</div>
					</div>
		</section>
				</div>

<p>Nossa História Nos últimos 15 anos, a construção do método de ensino IDEG sempre esteve diretamente relacionada à história do CACD. A experiência pedagógica que proporcionamos aos(às) alunos(as) é viável porque focalizamos esforços na evolução da métrica utilizada pela banca examinadora nas provas do concurso. A partir dela, ajustamos continuamente nossa metodologia de modo a [&hellip;]</p>
